.
5, 107
Let p(h) = -h**2 + 4*h + 7. Let m be p(4). Suppose 13 - m = y. What are the prime factors of y?
2, 3
Let o(u) = -59*u + 385. List the prime factors of o(-34).
3, 797
Let s = 268 - 21. Suppose 3*k = -5*m + s, 0 = -5*k - 3*m + 330 + 103. What are the prime factors of k?
89
Let i(z) = z**2 - 8*z - 5. Let u be i(8). Let t be 2/(u/(105/2)). Let j = 34 + t. List the prime factors of j.
13
Suppose 2*o = 3*l + 401, 0 = 2*l - 3 - 7. Suppose -v = 4*d - 200, 4*d + 2*v = -v + o. List the prime factors of d.
7
Suppose -11*j + 8950 = 491. What are the prime factors of j?
769
Let n = -12 - -15. Suppose -n*x = -44 - 7. What are the prime factors of x?
17
Let k be -3*1 - (-8 - -24). Let l = k + 79. What are the prime factors of l?
2, 3, 5
Suppose 2*v + 3*k - 3833 = 0, 16*v = 17*v + 4*k - 1904. List the prime factors of v.
2, 13, 37
Let k(d) = 5 - 4 - 14*d + 12*d. Let b be k(0). What are the prime factors of -4*b + 29 + 3?
2, 7
Suppose 5*g - 44 + 269 = 0. What are the prime factors of 25 + 9/(g/(-10))?
3
Suppose 5*j = 3*z + 5547, 3*j + 14*z - 3329 = 16*z. What are the prime factors of j?
3, 41
Suppose 3*i - 5*n = 5605, 4*i - 2*n = 3*n + 7465. What are the prime factors of i?
2, 3, 5, 31
Let b(v) be the first derivative of v + 7/2*v**2 - 1/4*v**4 - 7/3*v**3 - 3. List the prime factors of b(-8).
3
Suppose 3*w = i + 1126, -9*i = -4*w - 7*i + 1498. What are the prime factors of w?
13, 29
Suppose 0 = d - 12 - 0. Let r = 67 - d. What are the prime factors of r?
5, 11
Let n(z) = z**3 + 10*z**2 + z + 11. Let a be n(-10). Suppose -2*g + a - 4 = 5*p, 0 = -5*p + g - 6. What are the prime factors of (1*32)/(-2)*p?
2
Suppose 10*y = 37*y - 54486. List the prime factors of y.
2, 1009
Suppose 6*y - 2*y = 508. Let n = y + -288. Let i = -104 - n. What are the prime factors of i?
3, 19
Let i be 64/(-48)*6/(-4). Suppose i*x = -0*x + 10. List the prime factors of x.
5
Suppose 7*p - 2 = 6*p. Suppose 4*q - 220 = -5*d, -5*q + d = -p*d - 275. List the prime factors of q.
5, 11
Let l be (-35)/20 - 6/(-8). Let w(g) = -g**2 + 9*g + 6. Let o be w(8). What are the prime factors of -1*l*(o + 3)?
17
Let f(y) = 2*y**2 + 6*y - 11. Suppose -18 = -2*c + 2. Let u be f(c). Let o = u - 175. List the prime factors of o.
2, 37
Let y(a) = -a**2 + 7*a + 3. Let k = 2 - -4. Let j be y(k). Let g = j - 6. What are the prime factors of g?
3
Suppose -16*c + 9*c + 21 = 0. Suppose 0 = -c*y + 2*y - 4*l + 151, 0 = 2*l - 4. What are the prime factors of y?
11, 13
Let p be ((-1278)/(-4))/(-3)*14/(-21). List the prime factors of p - (-5 + (2 - -5)).
3, 23
Let q = 457 + 880. List the prime factors of q.
7, 191
Suppose -2*i + i = 2*w - 37, -5*w = 4*i - 91. Suppose -w*f + 665 = -14*f. What are the prime factors of f?
7, 19
Let w = 1381 - 252. List the prime factors of w.
1129
Let h = 1431 + 968. What are the prime factors of h?
2399
Let w(i) = -i**3 - 13*i**2 + 16*i - 20. Let f be w(-15). Let p = f - 104. List the prime factors of p.
2, 43
Suppose n + 2*j - 366 = 0, 4*j - 602 = -5*n + 1216. What are the prime factors of n?
2, 181
Let t = 2645 + -1594. What are the prime factors of t?
1051
Let i = -7 - -10. Suppose 7*x - 3*x = -x. Suppose 2*s + i*s - 30 = x. List the prime factors of s.
2, 3
Let k(u) be the first derivative of 21*u**3 + u**2/2 + 11. List the prime factors of k(1).
2
Let n = -408 + 768. Suppose -28 = -4*o + n. What are the prime factors of o?
97
Let h be (-4)/(-6) - 439/(-3). Suppose 0 = -4*z, -6*z + z = 3*p + h. Let b = p - -70. What are the prime factors of b?
3, 7
Suppose -57*u - 1400 = -65*u. What are the prime factors of u?
5, 7
Let c be ((-93)/9 - 3)*(-18)/15. List the prime factors of 1928/c + (-1)/(-2).
11
Let z(k) be the second derivative of 55*k**3/3 + k**2/2 + 11*k. What are the prime factors of z(1)?
3, 37
Let t be 2 + 8/(-4) + 2. Suppose -5*z - 33 = -g + 5*g, t*g - 42 = 4*z. Let k = z - -37. What are the prime factors of k?
2, 7
Let i be 24/9*66/(-4). Let w = 95 + i. What are the prime factors of w?
3, 17
Let u(k) = -k**2 - 10*k + 8. Let d be u(-11). Let y be 198/(-24)*(-8)/d. What are the prime factors of (-334)/y + 2/(-11)?
3, 5
Let m(c) = 267*c**2 + 5*c - 1. Let x = 161 - 160. List the prime factors of m(x).
271
Let m(u) be the second derivative of -19*u**3/6 - 7*u**2/2 + 3*u. What are the prime factors of m(-7)?
2, 3, 7
Suppose 29*w - 23*w - 5472 = 0. List the prime factors of w.
2, 3, 19
Let i(w) = 10*w**2 - 11*w - 12. List the prime factors of i(-7).
3, 5, 37
Let c(k) = k**2 - 4*k - 8. Let h be c(6). Let a = h + 30. What are the prime factors of a?
2, 17
Let a be 3956/18 + 4 + (-102)/27. Let z = 350 - a. What are the prime factors of z?
2, 5, 13
Let x = 14 + -42. List the prime factors of (-3060)/x + ((-20)/(-28) - 1).
109
Let l(w) be the first derivative of -w**4/4 - 10*w**3/3 - 4*w**2 + 18*w + 20. What are the prime factors of l(-9)?
3
Let x(j) = j + 11. Let m be x(-11). Let y(h) = 3*h**2 + h + 64. What are the prime factors of y(m)?
2
Let p = -23 - -20. What are the prime factors of (1 - 2 - p) + 39?
41
Suppose d = 5*z - 36, -4*d - 7 = 3*z - 24. Let x(l) = 6*l + 9. List the prime factors of x(z).
3, 17
Suppose 3*x - 5*n - 217 - 165 = 0, 5*n - 650 = -5*x. Let b = x + -74. List the prime factors of b.
5, 11
List the prime factors of (3/2)/(45/5340).
2, 89
Let z(j) = j**3 - 16*j**2 + 17*j - 12. Let d be -17 + ((-6)/2 - -4). Let t be (-3 + d)*-1 - 4. What are the prime factors of z(t)?
2, 3
Let f = -143 - -143. Suppose -87 = -s + 3*q, -4*q = -2*s - 2*q + 154. Suppose -2*w = -f*w - s. List the prime factors of w.
2, 3
Let p be (-2)/5 - 34/(-10). Suppose 12*z = 507 + 501. Suppose 0 = p*a - 0*a - z. List the prime factors of a.
2, 7
Let k = 387 + -112. Let v = 3 + 2. Suppose 0 = -2*c - v*l + 124, 5*c - 3*l - 2*l - k = 0. What are the prime factors of c?
3, 19
Let r(q) = -3*q**2 + 5*q + 3. Let w be r(4). List the prime factors of (w/20)/((-1)/12).
3, 5
Let s be (-12)/(-32) - 135/40. List the prime factors of 563/3 + (3 - (-11)/s).
11, 17
Suppose -2177 = -5*s - 2*y + 1987, s = -2*y + 836. List the prime factors of s.
2, 13
Suppose -u - 3*s - 6 = 0, -5*s = 4*u - 0*s + 10. Suppose q - 56 - 64 = u. Suppose 0 = -x + 5*x - q. List the prime factors of x.
2, 3, 5
Let z be 18/(-4) + 15/10. List the prime factors of -1 + (-70)/z - (-2)/(-6).
2, 11
Suppose -5*d = -3*d + 8. Let m(j) = 5*j**2 + 3*j - 8. List the prime factors of m(d).
2, 3, 5
Let y = -116 - -106. Let p be (18/(-8))/((-2)/32). What are the prime factors of (-50)/5*p/y?
2, 3
Let r = -1822 + 4701. What are the prime factors of r?
2879
Suppose -3*i - 26 = -4*d - d, 0 = 2*d + 5*i + 2. Suppose t + d*t = 30. List the prime factors of t/2*(14 - 9).
3, 5
Let z = -228 + 60. What are the prime factors of ((-366)/z + (-12)/28)*112?
2, 7
Let f be 218 + (1 - -2) + -4. Let i = 8 - 3. Suppose 2*c + i*o = o + 70, 5*c - 4*o = f. List the prime factors of c.
41
Let n(q) = 95*q**2 - 31*q + 113. What are the prime factors of n(4)?
3, 503
Suppose 3*l = 5*w + l - 46, -5*l - 15 = 0. Let q(s) = s**3 - 7*s**2 + s. Let z be q(w). List the prime factors of ((-6)/(-12))/(1/z).
2, 3
Let r be -43 - (0 + -1 - -1). Suppose -16*n - 26*n - 168 = 0. List the prime factors of ((3 - 0) + n)*r.
43
Let w = 5345 + -3528. What are the prime factors of w?
23, 79
Let s(b) = -2*b + 40. Let p be s(18). Suppose -4*k + 157 = -w, 4*k + p*w = 6*w + 158. What are the prime factors of k?
3, 13
Suppose 22 + 23 = q. Suppose 3*w - 5*f = q - 6, -f + 13 = w. List the prime factors of w.
13
Let a(p) = -p**3 - 7*p**2 - 13*p + 2. Let z be (-8)/4 + -4*1. List the prime factors of a(z).
2, 11
Suppose 32*k = 26754 + 26174. What are the prime factors of k?
2, 827
Suppose -882 = 6*k - 3450. Suppose -s + 6*s - k = -3*n, 0 = 4*s + 2*n - 344. List the prime factors of s.
2, 11
Suppose 0 = -2*h + 5 - 1. Let b(l) = l**3 + l + 1. Let m(s) = 6*s**3 + 2*s**2 + 3*s + 3. Let n(f) = -4*b(f) + m(f). What are the prime factors of n(h)?
3, 7
Suppose -8466 = 90*g - 96*g. List the prime factors of g.
17, 83
Let u(a) = 9*a**2 - a**2 + a**2. List the prime factors of u(1).
3
Let a = -16 + 16. Suppose a = 9*i - 6*i - 72. What are the prime factors of i?
2, 3
Let r(g) = 27*g - 30. List the prime factors of r(12).
2, 3, 7
Suppose 2*i + i = 24. Let u(t) = -t**2 + 11*t - 8. Let v be u(i). Suppose 4*l + 4*d -